{"id":143,"date":"2022-05-09T20:19:02","date_gmt":"2022-05-09T20:19:02","guid":{"rendered":"https:\/\/noom-sec.ipb.ac.rs\/?page_id=143"},"modified":"2023-07-31T16:50:02","modified_gmt":"2023-07-31T16:50:02","slug":"news","status":"publish","type":"page","link":"https:\/\/noom-sec.ipb.ac.rs\/index.php\/news\/","title":{"rendered":"News"},"content":{"rendered":"<p style=\"text-align: left;\"><strong>3rd International Conference on Recent Trends in Renewable Energy and Sustainable Development<\/strong><\/p>\n<p>Our colleague Dr. Jelena Mitri\u0107 participated at ICRTRESD 2022 organized by Institute of Technology, Raipur as a Keynote Speaker!<\/p>\n<p><img loading=\"lazy\" class=\"alignnone wp-image-149\" src=\"https:\/\/noom-sec.ipb.ac.rs\/wp-content\/uploads\/2022\/05\/jelena_certificate-1-1-300x194.png\" alt=\"\" width=\"530\" height=\"343\" srcset=\"https:\/\/noom-sec.ipb.ac.rs\/wp-content\/uploads\/2022\/05\/jelena_certificate-1-1-300x194.png 300w, https:\/\/noom-sec.ipb.ac.rs\/wp-content\/uploads\/2022\/05\/jelena_certificate-1-1-1024x663.png 1024w, https:\/\/noom-sec.ipb.ac.rs\/wp-content\/uploads\/2022\/05\/jelena_certificate-1-1-768x497.png 768w, https:\/\/noom-sec.ipb.ac.rs\/wp-content\/uploads\/2022\/05\/jelena_certificate-1-1-1536x994.png 1536w, https:\/\/noom-sec.ipb.ac.rs\/wp-content\/uploads\/2022\/05\/jelena_certificate-1-1-2048x1325.png 2048w\" sizes=\"(max-width: 530px) 100vw, 530px\" \/><\/p>\n<p><strong>International Materials Research Congress 2022\u00a0<\/strong><\/p>\n<p>Our colleagues Dr Neboj\u0161a and Dr Maja Rom\u010devi\u0107 attented International Materials Research Congress in Mexico!<\/p>\n<p><img loading=\"lazy\" class=\"size-medium wp-image-206 alignleft\" src=\"https:\/\/noom-sec.ipb.ac.rs\/wp-content\/uploads\/2022\/10\/IMG_20220815_172008-300x225.jpg\" alt=\"\" width=\"300\" height=\"225\" srcset=\"https:\/\/noom-sec.ipb.ac.rs\/wp-content\/uploads\/2022\/10\/IMG_20220815_172008-300x225.jpg 300w, https:\/\/noom-sec.ipb.ac.rs\/wp-content\/uploads\/2022\/10\/IMG_20220815_172008-1024x768.jpg 1024w, https:\/\/noom-sec.ipb.ac.rs\/wp-content\/uploads\/2022\/10\/IMG_20220815_172008-768x576.jpg 768w, https:\/\/noom-sec.ipb.ac.rs\/wp-content\/uploads\/2022\/10\/IMG_20220815_172008-1536x1152.jpg 1536w, https:\/\/noom-sec.ipb.ac.rs\/wp-content\/uploads\/2022\/10\/IMG_20220815_172008-2048x1536.jpg 2048w\" sizes=\"(max-width: 300px) 100vw, 300px\" \/><\/p>\n<p><img loading=\"lazy\" class=\"alignnone size-medium wp-image-207\" src=\"https:\/\/noom-sec.ipb.ac.rs\/wp-content\/uploads\/2022\/10\/IMG_20220815_171831-225x300.jpg\" alt=\"\" width=\"225\" height=\"300\" srcset=\"https:\/\/noom-sec.ipb.ac.rs\/wp-content\/uploads\/2022\/10\/IMG_20220815_171831-225x300.jpg 225w, https:\/\/noom-sec.ipb.ac.rs\/wp-content\/uploads\/2022\/10\/IMG_20220815_171831-768x1024.jpg 768w, https:\/\/noom-sec.ipb.ac.rs\/wp-content\/uploads\/2022\/10\/IMG_20220815_171831-1152x1536.jpg 1152w, https:\/\/noom-sec.ipb.ac.rs\/wp-content\/uploads\/2022\/10\/IMG_20220815_171831-1536x2048.jpg 1536w, https:\/\/noom-sec.ipb.ac.rs\/wp-content\/uploads\/2022\/10\/IMG_20220815_171831-scaled.jpg 1920w\" sizes=\"(max-width: 225px) 100vw, 225px\" \/><\/p>\n<p>&nbsp;<\/p>\n<p><img loading=\"lazy\" class=\"size-medium wp-image-204 alignleft\" src=\"https:\/\/noom-sec.ipb.ac.rs\/wp-content\/uploads\/2022\/10\/IMG_20220815_183529-300x225.jpg\" alt=\"\" width=\"300\" height=\"225\" srcset=\"https:\/\/noom-sec.ipb.ac.rs\/wp-content\/uploads\/2022\/10\/IMG_20220815_183529-300x225.jpg 300w, https:\/\/noom-sec.ipb.ac.rs\/wp-content\/uploads\/2022\/10\/IMG_20220815_183529-1024x768.jpg 1024w, https:\/\/noom-sec.ipb.ac.rs\/wp-content\/uploads\/2022\/10\/IMG_20220815_183529-768x576.jpg 768w, https:\/\/noom-sec.ipb.ac.rs\/wp-content\/uploads\/2022\/10\/IMG_20220815_183529-1536x1152.jpg 1536w, https:\/\/noom-sec.ipb.ac.rs\/wp-content\/uploads\/2022\/10\/IMG_20220815_183529-2048x1536.jpg 2048w\" sizes=\"(max-width: 300px) 100vw, 300px\" \/> <img loading=\"lazy\" class=\"alignnone size-medium wp-image-205\" src=\"https:\/\/noom-sec.ipb.ac.rs\/wp-content\/uploads\/2022\/10\/IMG_20220815_191505-225x300.jpg\" alt=\"\" width=\"225\" height=\"300\" srcset=\"https:\/\/noom-sec.ipb.ac.rs\/wp-content\/uploads\/2022\/10\/IMG_20220815_191505-225x300.jpg 225w, https:\/\/noom-sec.ipb.ac.rs\/wp-content\/uploads\/2022\/10\/IMG_20220815_191505-768x1024.jpg 768w, https:\/\/noom-sec.ipb.ac.rs\/wp-content\/uploads\/2022\/10\/IMG_20220815_191505-1152x1536.jpg 1152w, https:\/\/noom-sec.ipb.ac.rs\/wp-content\/uploads\/2022\/10\/IMG_20220815_191505-1536x2048.jpg 1536w, https:\/\/noom-sec.ipb.ac.rs\/wp-content\/uploads\/2022\/10\/IMG_20220815_191505-scaled.jpg 1920w\" sizes=\"(max-width: 225px) 100vw, 225px\" \/> \u00a0\u00a0<img loading=\"lazy\" class=\"alignnone size-medium wp-image-208\" src=\"https:\/\/noom-sec.ipb.ac.rs\/wp-content\/uploads\/2022\/10\/IMG_20220814_175811-300x225.jpg\" alt=\"\" width=\"300\" height=\"225\" srcset=\"https:\/\/noom-sec.ipb.ac.rs\/wp-content\/uploads\/2022\/10\/IMG_20220814_175811-300x225.jpg 300w, https:\/\/noom-sec.ipb.ac.rs\/wp-content\/uploads\/2022\/10\/IMG_20220814_175811-1024x768.jpg 1024w, https:\/\/noom-sec.ipb.ac.rs\/wp-content\/uploads\/2022\/10\/IMG_20220814_175811-768x576.jpg 768w, https:\/\/noom-sec.ipb.ac.rs\/wp-content\/uploads\/2022\/10\/IMG_20220814_175811-1536x1152.jpg 1536w, https:\/\/noom-sec.ipb.ac.rs\/wp-content\/uploads\/2022\/10\/IMG_20220814_175811-2048x1536.jpg 2048w\" sizes=\"(max-width: 300px) 100vw, 300px\" \/><\/p>\n<p>&nbsp;<\/p>\n<p><strong>The 6th International Conference on the Physics of Optical Materials and Devices<\/strong><\/p>\n<p>Our colleague Dr Jelena Mitri\u0107 attended ICOM 2022 in Belgrade with a Poster Presentation!<\/p>\n<p><img loading=\"lazy\" class=\"alignnone size-medium wp-image-211\" src=\"https:\/\/noom-sec.ipb.ac.rs\/wp-content\/uploads\/2022\/10\/Jelena-ICOM-244x300.jpg\" alt=\"\" width=\"244\" height=\"300\" srcset=\"https:\/\/noom-sec.ipb.ac.rs\/wp-content\/uploads\/2022\/10\/Jelena-ICOM-244x300.jpg 244w, https:\/\/noom-sec.ipb.ac.rs\/wp-content\/uploads\/2022\/10\/Jelena-ICOM-768x943.jpg 768w, https:\/\/noom-sec.ipb.ac.rs\/wp-content\/uploads\/2022\/10\/Jelena-ICOM.jpg 827w\" sizes=\"(max-width: 244px) 100vw, 244px\" \/><\/p>\n<p><strong>Serbian Conference on Materials Application &amp; Technology<\/strong><\/p>\n<p>Our colleagues Dr Branka Had\u017ei\u0107 and Dr Jelena Mitri\u0107 held Oral Presentations on SCOM 2022 in Belgrade!<\/p>\n<p><img loading=\"lazy\" class=\"alignnone size-medium wp-image-212\" src=\"https:\/\/noom-sec.ipb.ac.rs\/wp-content\/uploads\/2022\/10\/Branka-SCOMz-225x300.jpg\" alt=\"\" width=\"225\" height=\"300\" srcset=\"https:\/\/noom-sec.ipb.ac.rs\/wp-content\/uploads\/2022\/10\/Branka-SCOMz-225x300.jpg 225w, https:\/\/noom-sec.ipb.ac.rs\/wp-content\/uploads\/2022\/10\/Branka-SCOMz-768x1024.jpg 768w, https:\/\/noom-sec.ipb.ac.rs\/wp-content\/uploads\/2022\/10\/Branka-SCOMz-1152x1536.jpg 1152w, https:\/\/noom-sec.ipb.ac.rs\/wp-content\/uploads\/2022\/10\/Branka-SCOMz.jpg 1536w\" sizes=\"(max-width: 225px) 100vw, 225px\" \/> <img loading=\"lazy\" class=\"alignnone size-medium wp-image-213\" src=\"https:\/\/noom-sec.ipb.ac.rs\/wp-content\/uploads\/2022\/10\/Jelena-SCOM-245x300.jpg\" alt=\"\" width=\"245\" height=\"300\" srcset=\"https:\/\/noom-sec.ipb.ac.rs\/wp-content\/uploads\/2022\/10\/Jelena-SCOM-245x300.jpg 245w, https:\/\/noom-sec.ipb.ac.rs\/wp-content\/uploads\/2022\/10\/Jelena-SCOM-768x940.jpg 768w, https:\/\/noom-sec.ipb.ac.rs\/wp-content\/uploads\/2022\/10\/Jelena-SCOM.jpg 827w\" sizes=\"(max-width: 245px) 100vw, 245px\" \/><\/p>\n<p><strong>11th International Conference on Materials for Advanced Technologies (ICMAT2023)<\/strong><\/p>\n<p>Our colleagues Dr Neboj\u0161a and Dr Maja Rom\u010devi\u0107 attented Conference on Materials for Advanced Technologies in Singapore!<\/p>\n<p><img loading=\"lazy\" class=\"alignnone size-medium wp-image-227\" src=\"https:\/\/noom-sec.ipb.ac.rs\/wp-content\/uploads\/2023\/07\/20230626_085429-225x300.jpg\" alt=\"\" width=\"225\" height=\"300\" srcset=\"https:\/\/noom-sec.ipb.ac.rs\/wp-content\/uploads\/2023\/07\/20230626_085429-225x300.jpg 225w, https:\/\/noom-sec.ipb.ac.rs\/wp-content\/uploads\/2023\/07\/20230626_085429-768x1024.jpg 768w, https:\/\/noom-sec.ipb.ac.rs\/wp-content\/uploads\/2023\/07\/20230626_085429-1152x1536.jpg 1152w, https:\/\/noom-sec.ipb.ac.rs\/wp-content\/uploads\/2023\/07\/20230626_085429-1536x2048.jpg 1536w, https:\/\/noom-sec.ipb.ac.rs\/wp-content\/uploads\/2023\/07\/20230626_085429-scaled.jpg 1920w\" sizes=\"(max-width: 225px) 100vw, 225px\" \/> <img loading=\"lazy\" class=\"alignnone size-medium wp-image-228\" src=\"https:\/\/noom-sec.ipb.ac.rs\/wp-content\/uploads\/2023\/07\/20230626_085510-300x225.jpg\" alt=\"\" width=\"300\" height=\"225\" srcset=\"https:\/\/noom-sec.ipb.ac.rs\/wp-content\/uploads\/2023\/07\/20230626_085510-300x225.jpg 300w, https:\/\/noom-sec.ipb.ac.rs\/wp-content\/uploads\/2023\/07\/20230626_085510-1024x768.jpg 1024w, https:\/\/noom-sec.ipb.ac.rs\/wp-content\/uploads\/2023\/07\/20230626_085510-768x576.jpg 768w, https:\/\/noom-sec.ipb.ac.rs\/wp-content\/uploads\/2023\/07\/20230626_085510-1536x1152.jpg 1536w, https:\/\/noom-sec.ipb.ac.rs\/wp-content\/uploads\/2023\/07\/20230626_085510-2048x1536.jpg 2048w\" sizes=\"(max-width: 300px) 100vw, 300px\" \/> <img loading=\"lazy\" class=\"alignnone size-medium wp-image-229\" src=\"https:\/\/noom-sec.ipb.ac.rs\/wp-content\/uploads\/2023\/07\/20230628_165703-225x300.jpg\" alt=\"\" width=\"225\" height=\"300\" srcset=\"https:\/\/noom-sec.ipb.ac.rs\/wp-content\/uploads\/2023\/07\/20230628_165703-225x300.jpg 225w, https:\/\/noom-sec.ipb.ac.rs\/wp-content\/uploads\/2023\/07\/20230628_165703-768x1024.jpg 768w, https:\/\/noom-sec.ipb.ac.rs\/wp-content\/uploads\/2023\/07\/20230628_165703-1152x1536.jpg 1152w, https:\/\/noom-sec.ipb.ac.rs\/wp-content\/uploads\/2023\/07\/20230628_165703-1536x2048.jpg 1536w, https:\/\/noom-sec.ipb.ac.rs\/wp-content\/uploads\/2023\/07\/20230628_165703-scaled.jpg 1920w\" sizes=\"(max-width: 225px) 100vw, 225px\" \/> <img loading=\"lazy\" class=\"alignnone size-medium wp-image-230\" src=\"https:\/\/noom-sec.ipb.ac.rs\/wp-content\/uploads\/2023\/07\/20230628_184343-225x300.jpg\" alt=\"\" width=\"225\" height=\"300\" srcset=\"https:\/\/noom-sec.ipb.ac.rs\/wp-content\/uploads\/2023\/07\/20230628_184343-225x300.jpg 225w, https:\/\/noom-sec.ipb.ac.rs\/wp-content\/uploads\/2023\/07\/20230628_184343-768x1024.jpg 768w, https:\/\/noom-sec.ipb.ac.rs\/wp-content\/uploads\/2023\/07\/20230628_184343-1152x1536.jpg 1152w, https:\/\/noom-sec.ipb.ac.rs\/wp-content\/uploads\/2023\/07\/20230628_184343-1536x2048.jpg 1536w, https:\/\/noom-sec.ipb.ac.rs\/wp-content\/uploads\/2023\/07\/20230628_184343-scaled.jpg 1920w\" sizes=\"(max-width: 225px) 100vw, 225px\" \/> <img loading=\"lazy\" class=\"alignnone size-medium wp-image-231\" src=\"https:\/\/noom-sec.ipb.ac.rs\/wp-content\/uploads\/2023\/07\/20230628_184551-225x300.jpg\" alt=\"\" width=\"225\" height=\"300\" srcset=\"https:\/\/noom-sec.ipb.ac.rs\/wp-content\/uploads\/2023\/07\/20230628_184551-225x300.jpg 225w, https:\/\/noom-sec.ipb.ac.rs\/wp-content\/uploads\/2023\/07\/20230628_184551-768x1024.jpg 768w, https:\/\/noom-sec.ipb.ac.rs\/wp-content\/uploads\/2023\/07\/20230628_184551-1152x1536.jpg 1152w, https:\/\/noom-sec.ipb.ac.rs\/wp-content\/uploads\/2023\/07\/20230628_184551-1536x2048.jpg 1536w, https:\/\/noom-sec.ipb.ac.rs\/wp-content\/uploads\/2023\/07\/20230628_184551-scaled.jpg 1920w\" sizes=\"(max-width: 225px) 100vw, 225px\" \/> <img loading=\"lazy\" class=\"alignnone size-medium wp-image-232\" src=\"https:\/\/noom-sec.ipb.ac.rs\/wp-content\/uploads\/2023\/07\/20230628_190122-300x225.jpg\" alt=\"\" width=\"300\" height=\"225\" srcset=\"https:\/\/noom-sec.ipb.ac.rs\/wp-content\/uploads\/2023\/07\/20230628_190122-300x225.jpg 300w, https:\/\/noom-sec.ipb.ac.rs\/wp-content\/uploads\/2023\/07\/20230628_190122-1024x768.jpg 1024w, https:\/\/noom-sec.ipb.ac.rs\/wp-content\/uploads\/2023\/07\/20230628_190122-768x576.jpg 768w, https:\/\/noom-sec.ipb.ac.rs\/wp-content\/uploads\/2023\/07\/20230628_190122-1536x1152.jpg 1536w, https:\/\/noom-sec.ipb.ac.rs\/wp-content\/uploads\/2023\/07\/20230628_190122-2048x1536.jpg 2048w\" sizes=\"(max-width: 300px) 100vw, 300px\" \/><\/p>\n","protected":false},"excerpt":{"rendered":"<p>3rd International Conference on Recent Trends in Renewable Energy and Sustainable Development Our colleague Dr. Jelena Mitri\u0107 participated at ICRTRESD 2022 organized by Institute of Technology, Raipur as a Keynote Speaker! International Materials Research Congress 2022\u00a0 Our colleagues Dr Neboj\u0161a and Dr Maja Rom\u010devi\u0107 attented International Materials Research Congress in Mexico! &nbsp; \u00a0\u00a0 &nbsp; The [&hellip;]<\/p>\n","protected":false},"author":2,"featured_media":0,"parent":0,"menu_order":6,"comment_status":"closed","ping_status":"closed","template":"","meta":[],"_links":{"self":[{"href":"https:\/\/noom-sec.ipb.ac.rs\/index.php\/wp-json\/wp\/v2\/pages\/143"}],"collection":[{"href":"https:\/\/noom-sec.ipb.ac.rs\/index.php\/wp-json\/wp\/v2\/pages"}],"about":[{"href":"https:\/\/noom-sec.ipb.ac.rs\/index.php\/wp-json\/wp\/v2\/types\/page"}],"author":[{"embeddable":true,"href":"https:\/\/noom-sec.ipb.ac.rs\/index.php\/wp-json\/wp\/v2\/users\/2"}],"replies":[{"embeddable":true,"href":"https:\/\/noom-sec.ipb.ac.rs\/index.php\/wp-json\/wp\/v2\/comments?post=143"}],"version-history":[{"count":8,"href":"https:\/\/noom-sec.ipb.ac.rs\/index.php\/wp-json\/wp\/v2\/pages\/143\/revisions"}],"predecessor-version":[{"id":233,"href":"https:\/\/noom-sec.ipb.ac.rs\/index.php\/wp-json\/wp\/v2\/pages\/143\/revisions\/233"}],"wp:attachment":[{"href":"https:\/\/noom-sec.ipb.ac.rs\/index.php\/wp-json\/wp\/v2\/media?parent=143"}],"curies":[{"name":"wp","href":"https:\/\/api.w.org\/{rel}","templated":true}]}}